{"id":6589,"date":"2025-11-12T19:31:00","date_gmt":"2025-11-12T18:31:00","guid":{"rendered":"https:\/\/courscircuits.fr\/index.php\/produit\/sac-cadeau-pour-les-fetes-sac-sale\/"},"modified":"2026-03-15T14:26:24","modified_gmt":"2026-03-15T13:26:24","slug":"sac-cadeau-pour-les-fetes-sac-sale","status":"publish","type":"product","link":"https:\/\/courscircuits.fr\/index.php\/produit\/sac-cadeau-pour-les-fetes-sac-sale\/","title":{"rendered":"Sac cadeau pour les f\u00eates &#8211; sac sal\u00e9"},"content":{"rendered":"<p>un sel ou mix aromatis\u00e9 + une sauce tomate + un pot de pickles<\/p>\n","protected":false},"excerpt":{"rendered":"<p>un sel ou mix aromatis\u00e9 + une sauce tomate + un pot de pickles<\/p>\n","protected":false},"featured_media":0,"template":"","meta":[],"product_brand":[],"product_cat":[147],"product_tag":[],"class_list":{"0":"post-6589","1":"product","2":"type-product","3":"status-publish","5":"product_cat-le-bio-d-alex-et-paco","7":"first","8":"outofstock","9":"shipping-taxable","10":"product-type-simple"},"jetpack_sharing_enabled":true,"_links":{"self":[{"href":"https:\/\/courscircuits.fr\/index.php\/wp-json\/wp\/v2\/product\/6589","targetHints":{"allow":["GET"]}}],"collection":[{"href":"https:\/\/courscircuits.fr\/index.php\/wp-json\/wp\/v2\/product"}],"about":[{"href":"https:\/\/courscircuits.fr\/index.php\/wp-json\/wp\/v2\/types\/product"}],"wp:attachment":[{"href":"https:\/\/courscircuits.fr\/index.php\/wp-json\/wp\/v2\/media?parent=6589"}],"wp:term":[{"taxonomy":"product_brand","embeddable":true,"href":"https:\/\/courscircuits.fr\/index.php\/wp-json\/wp\/v2\/product_brand?post=6589"},{"taxonomy":"product_cat","embeddable":true,"href":"https:\/\/courscircuits.fr\/index.php\/wp-json\/wp\/v2\/product_cat?post=6589"},{"taxonomy":"product_tag","embeddable":true,"href":"https:\/\/courscircuits.fr\/index.php\/wp-json\/wp\/v2\/product_tag?post=6589"}],"curies":[{"name":"wp","href":"https:\/\/api.w.org\/{rel}","templated":true}]}}