{"id":5478,"date":"2025-09-09T08:56:43","date_gmt":"2025-09-09T06:56:43","guid":{"rendered":"https:\/\/courscircuits.fr\/?post_type=product&#038;p=5478"},"modified":"2025-11-12T18:52:09","modified_gmt":"2025-11-12T17:52:09","slug":"coffret-box-beaute-2","status":"publish","type":"product","link":"https:\/\/courscircuits.fr\/index.php\/produit\/coffret-box-beaute-2\/","title":{"rendered":"Coffret box beaut\u00e9"},"content":{"rendered":"<p>Ce coffret est compos\u00e9 de :<\/p>\n<p>-3 savons solides de 100g :<\/p>\n<p>1 Solena ( parfum\u00e9 aux fleurs de lavande et feuilles de menthe).<\/p>\n<p>1 Le Temps d\u2019un Regard ( parfum\u00e9 \u00e0 la Verveine Exotique, Patchouli et Argile verte) .<\/p>\n<p>1 Sweetsunset ( parfum\u00e9 \u00e0 l\u2019Orange douce et Petitgrain Bigaradier).<\/p>\n<p>-1 Shampoing solide Garo\u2019Tif n\u00b05 pour cheveux normaux.<\/p>\n<p>-1 Pierre visage exfoliante et hydratante.<\/p>\n<p>-1 luffa ( \u00e9ponge v\u00e9g\u00e9tale pour vos gommages corporels) .<\/p>\n","protected":false},"excerpt":{"rendered":"<p>Ce coffret est compos\u00e9 de : -3 savons solides de 100g : 1 Solena ( parfum\u00e9 aux fleurs de lavande et feuilles de menthe). 1 Le Temps d\u2019un Regard ( parfum\u00e9 \u00e0 la Verveine Exotique, Patchouli et Argile verte) . 1 Sweetsunset ( parfum\u00e9 \u00e0 l\u2019Orange douce et Petitgrain Bigaradier). -1 Shampoing solide Garo\u2019Tif n\u00b05 [&hellip;]<\/p>\n","protected":false},"featured_media":0,"template":"","meta":[],"product_brand":[],"product_cat":[123],"product_tag":[],"class_list":{"0":"post-5478","1":"product","2":"type-product","3":"status-publish","5":"product_cat-savons-garobulles","7":"first","8":"instock","9":"sold-individually","10":"shipping-taxable","11":"product-type-simple"},"jetpack_sharing_enabled":true,"_links":{"self":[{"href":"https:\/\/courscircuits.fr\/index.php\/wp-json\/wp\/v2\/product\/5478","targetHints":{"allow":["GET"]}}],"collection":[{"href":"https:\/\/courscircuits.fr\/index.php\/wp-json\/wp\/v2\/product"}],"about":[{"href":"https:\/\/courscircuits.fr\/index.php\/wp-json\/wp\/v2\/types\/product"}],"wp:attachment":[{"href":"https:\/\/courscircuits.fr\/index.php\/wp-json\/wp\/v2\/media?parent=5478"}],"wp:term":[{"taxonomy":"product_brand","embeddable":true,"href":"https:\/\/courscircuits.fr\/index.php\/wp-json\/wp\/v2\/product_brand?post=5478"},{"taxonomy":"product_cat","embeddable":true,"href":"https:\/\/courscircuits.fr\/index.php\/wp-json\/wp\/v2\/product_cat?post=5478"},{"taxonomy":"product_tag","embeddable":true,"href":"https:\/\/courscircuits.fr\/index.php\/wp-json\/wp\/v2\/product_tag?post=5478"}],"curies":[{"name":"wp","href":"https:\/\/api.w.org\/{rel}","templated":true}]}}