{"id":5477,"date":"2025-09-09T08:56:43","date_gmt":"2025-09-09T06:56:43","guid":{"rendered":"https:\/\/courscircuits.fr\/?post_type=product&#038;p=5477"},"modified":"2025-12-14T13:04:14","modified_gmt":"2025-12-14T12:04:14","slug":"coffret-box-savons-2","status":"publish","type":"product","link":"https:\/\/courscircuits.fr\/index.php\/produit\/coffret-box-savons-2\/","title":{"rendered":"Coffret box savons"},"content":{"rendered":"<p>Ce coffret est compos\u00e9 de :<\/p>\n<p>-1 savon liquide 500 ml : parfum\u00e9 \u00e0 l\u2019orange douce &amp; petigrain bigaradier ou \u00e0 la verveine exotique pour le corps.<\/p>\n<p>\u2013 4 savons : Solena ( parfum\u00e9 aux fleurs de lavande et feuilles de menthe) , Sweetsunset ( parfum\u00e9 \u00e0 l\u2019Orange douce et Petitgrain Bigaradier) , Garobulles ( parfum\u00e9 \u00e0 l\u2019Eucalyptus et aux 2 Argiles) , D\u00e9lice de Siam ( parfum\u00e9 \u00e0 l\u2019Orange douce, Curcuma et C\u00e8dre) , Le Temps d\u2019un Regard ( parfum\u00e9 \u00e0 la Verveine Exotique, Patchouli et Argile Verte) (suivant leurs disponibilit\u00e9s)<\/p>\n","protected":false},"excerpt":{"rendered":"<p>Ce coffret est compos\u00e9 de : -1 savon liquide 500 ml : parfum\u00e9 \u00e0 l\u2019orange douce &amp; petigrain bigaradier ou \u00e0 la verveine exotique pour le corps. \u2013 4 savons : Solena ( parfum\u00e9 aux fleurs de lavande et feuilles de menthe) , Sweetsunset ( parfum\u00e9 \u00e0 l\u2019Orange douce et Petitgrain Bigaradier) , Garobulles ( [&hellip;]<\/p>\n","protected":false},"featured_media":0,"template":"","meta":[],"product_brand":[],"product_cat":[123],"product_tag":[],"class_list":{"0":"post-5477","1":"product","2":"type-product","3":"status-publish","5":"product_cat-savons-garobulles","7":"first","8":"instock","9":"sold-individually","10":"shipping-taxable","11":"product-type-simple"},"jetpack_sharing_enabled":true,"_links":{"self":[{"href":"https:\/\/courscircuits.fr\/index.php\/wp-json\/wp\/v2\/product\/5477","targetHints":{"allow":["GET"]}}],"collection":[{"href":"https:\/\/courscircuits.fr\/index.php\/wp-json\/wp\/v2\/product"}],"about":[{"href":"https:\/\/courscircuits.fr\/index.php\/wp-json\/wp\/v2\/types\/product"}],"wp:attachment":[{"href":"https:\/\/courscircuits.fr\/index.php\/wp-json\/wp\/v2\/media?parent=5477"}],"wp:term":[{"taxonomy":"product_brand","embeddable":true,"href":"https:\/\/courscircuits.fr\/index.php\/wp-json\/wp\/v2\/product_brand?post=5477"},{"taxonomy":"product_cat","embeddable":true,"href":"https:\/\/courscircuits.fr\/index.php\/wp-json\/wp\/v2\/product_cat?post=5477"},{"taxonomy":"product_tag","embeddable":true,"href":"https:\/\/courscircuits.fr\/index.php\/wp-json\/wp\/v2\/product_tag?post=5477"}],"curies":[{"name":"wp","href":"https:\/\/api.w.org\/{rel}","templated":true}]}}