{"id":5476,"date":"2025-09-09T08:56:43","date_gmt":"2025-09-09T06:56:43","guid":{"rendered":"https:\/\/courscircuits.fr\/?post_type=product&#038;p=5476"},"modified":"2025-11-15T12:11:42","modified_gmt":"2025-11-15T11:11:42","slug":"coffret-duos-de-baumes-et-ses-savons-2","status":"publish","type":"product","link":"https:\/\/courscircuits.fr\/index.php\/produit\/coffret-duos-de-baumes-et-ses-savons-2\/","title":{"rendered":"Coffret Duos de baumes et ses savons"},"content":{"rendered":"<p>Coffret compos\u00e9 de :<\/p>\n<p>-2 savons solides de 50g: Le temps d\u2019un regard ( parfum\u00e9 \u00e0 la verveine exotique et au patchouli) , un Sweetsunset ( parfum\u00e9 \u00e0 l\u2019Orange douce et Petitgrain Bigaradier) .<\/p>\n<p>-1 baume 30 ml Calendula Mono\u00ef.<\/p>\n<p>-1 Baume 30ml Harpagophytum Arnica H\u00e9lichryse<\/p>\n","protected":false},"excerpt":{"rendered":"<p>Coffret compos\u00e9 de : -2 savons solides de 50g: Le temps d\u2019un regard ( parfum\u00e9 \u00e0 la verveine exotique et au patchouli) , un Sweetsunset ( parfum\u00e9 \u00e0 l\u2019Orange douce et Petitgrain Bigaradier) . -1 baume 30 ml Calendula Mono\u00ef. -1 Baume 30ml Harpagophytum Arnica H\u00e9lichryse<\/p>\n","protected":false},"featured_media":0,"template":"","meta":[],"product_brand":[],"product_cat":[123],"product_tag":[],"class_list":{"0":"post-5476","1":"product","2":"type-product","3":"status-publish","5":"product_cat-savons-garobulles","7":"first","8":"instock","9":"sold-individually","10":"shipping-taxable","11":"product-type-simple"},"jetpack_sharing_enabled":true,"_links":{"self":[{"href":"https:\/\/courscircuits.fr\/index.php\/wp-json\/wp\/v2\/product\/5476","targetHints":{"allow":["GET"]}}],"collection":[{"href":"https:\/\/courscircuits.fr\/index.php\/wp-json\/wp\/v2\/product"}],"about":[{"href":"https:\/\/courscircuits.fr\/index.php\/wp-json\/wp\/v2\/types\/product"}],"wp:attachment":[{"href":"https:\/\/courscircuits.fr\/index.php\/wp-json\/wp\/v2\/media?parent=5476"}],"wp:term":[{"taxonomy":"product_brand","embeddable":true,"href":"https:\/\/courscircuits.fr\/index.php\/wp-json\/wp\/v2\/product_brand?post=5476"},{"taxonomy":"product_cat","embeddable":true,"href":"https:\/\/courscircuits.fr\/index.php\/wp-json\/wp\/v2\/product_cat?post=5476"},{"taxonomy":"product_tag","embeddable":true,"href":"https:\/\/courscircuits.fr\/index.php\/wp-json\/wp\/v2\/product_tag?post=5476"}],"curies":[{"name":"wp","href":"https:\/\/api.w.org\/{rel}","templated":true}]}}