{"id":3834,"date":"2024-10-29T16:22:48","date_gmt":"2024-10-29T15:22:48","guid":{"rendered":"https:\/\/courscircuits.fr\/?post_type=product&#038;p=3834"},"modified":"2026-03-16T13:05:03","modified_gmt":"2026-03-16T12:05:03","slug":"baume-reparateur-60ml","status":"publish","type":"product","link":"https:\/\/courscircuits.fr\/index.php\/produit\/baume-reparateur-60ml\/","title":{"rendered":"Baume r\u00e9parateur 60ml"},"content":{"rendered":"<div>Compos\u00e9 de mac\u00e9r\u00e2t de fleurs de calendula\u00a0 et de Mono\u00ef ce baume hydrate et nourrit la peau .Il soulage aussi des petits maux du quotidien. Son parfum doux et d\u00e9licat ne vous laissera pas insensible !<\/div>\n<div>Le mac\u00e9rat de Calendula est id\u00e9al pour apaiser les zones sensibles et d\u00e9licates de la peau.\u00a0Riche en antioxydants, il prot\u00e8ge la peau et limite l\u2019apparition des signes du vieillissement cutan\u00e9. Adoucissant\u00a0et assouplissant, il apporte douceur et \u00e9lasticit\u00e9 \u00e0 la peau.<\/div>\n<div>Le mac\u00e9rat de Mono\u00ef Nourrit,\u00a0adoucit et\u00a0apaise\u00a0la peau.\u00a0Prot\u00e8ge la peau des agressions ext\u00e9rieures. Aide \u00e0 maintenir l\u2019hydratation de la peau. Rend la peau plus lisse et plus \u00e9lastique et am\u00e9liore la fermet\u00e9 de la peau.<\/div>\n<div>Note YUKA: 100%<\/div>\n<div>Indications:<\/div>\n<div>Ger\u00e7ures, feu du rasoir ,Peaux \u00e0 tendance atopique ,Coups de soleil ,Peaux sujettes \u00e0 d\u00e9mangeaisons ,Piq\u00fbres d\u2019insectes ,Peaux fragiles et d\u00e9licates .<\/div>\n<div>Nous avons conditionn\u00e9 ce baume dans un pot en m\u00e9tal approuv\u00e9 pour le contact alimentaire. Il se recycle \u00e0 l\u2019infini et est moins \u00e9nergivore a transformer que le verre et plus l\u00e9ger \u00e0 transporter.<\/div>\n","protected":false},"excerpt":{"rendered":"<p>Compos\u00e9 de mac\u00e9r\u00e2t de fleurs de calendula\u00a0 et de Mono\u00ef ce baume hydrate et nourrit la peau<\/p>\n","protected":false},"featured_media":3830,"template":"","meta":[],"product_brand":[],"product_cat":[123],"product_tag":[83],"class_list":{"0":"post-3834","1":"product","2":"type-product","3":"status-publish","4":"has-post-thumbnail","6":"product_cat-savons-garobulles","7":"product_tag-savon","9":"first","10":"instock","11":"shipping-taxable","12":"product-type-simple"},"jetpack_sharing_enabled":true,"_links":{"self":[{"href":"https:\/\/courscircuits.fr\/index.php\/wp-json\/wp\/v2\/product\/3834","targetHints":{"allow":["GET"]}}],"collection":[{"href":"https:\/\/courscircuits.fr\/index.php\/wp-json\/wp\/v2\/product"}],"about":[{"href":"https:\/\/courscircuits.fr\/index.php\/wp-json\/wp\/v2\/types\/product"}],"wp:featuredmedia":[{"embeddable":true,"href":"https:\/\/courscircuits.fr\/index.php\/wp-json\/wp\/v2\/media\/3830"}],"wp:attachment":[{"href":"https:\/\/courscircuits.fr\/index.php\/wp-json\/wp\/v2\/media?parent=3834"}],"wp:term":[{"taxonomy":"product_brand","embeddable":true,"href":"https:\/\/courscircuits.fr\/index.php\/wp-json\/wp\/v2\/product_brand?post=3834"},{"taxonomy":"product_cat","embeddable":true,"href":"https:\/\/courscircuits.fr\/index.php\/wp-json\/wp\/v2\/product_cat?post=3834"},{"taxonomy":"product_tag","embeddable":true,"href":"https:\/\/courscircuits.fr\/index.php\/wp-json\/wp\/v2\/product_tag?post=3834"}],"curies":[{"name":"wp","href":"https:\/\/api.w.org\/{rel}","templated":true}]}}