{"id":2880,"date":"2023-04-23T11:00:03","date_gmt":"2023-04-23T09:00:03","guid":{"rendered":"https:\/\/courscircuits.fr\/index.php\/produit\/cacahuete-bio-en-coque-500g\/"},"modified":"2026-03-19T03:13:25","modified_gmt":"2026-03-19T02:13:25","slug":"cacahuete-bio-en-coque-500g","status":"publish","type":"product","link":"https:\/\/courscircuits.fr\/index.php\/produit\/cacahuete-bio-en-coque-500g\/","title":{"rendered":"cacahuete bio grill\u00e9e sall\u00e9e sans coque 500G"},"content":{"rendered":"<p>cacahuete bio grill\u00e9e sall\u00e9e sans coque 500G<\/p>\n","protected":false},"excerpt":{"rendered":"<p>cacahuete bio grill\u00e9e sall\u00e9e sans coque 500G<\/p>\n","protected":false},"featured_media":2908,"template":"","meta":[],"product_brand":[],"product_cat":[128],"product_tag":[63],"class_list":{"0":"post-2880","1":"product","2":"type-product","3":"status-publish","4":"has-post-thumbnail","6":"product_cat-actibio","7":"product_tag-apero","9":"first","10":"instock","11":"shipping-taxable","12":"product-type-simple"},"jetpack_sharing_enabled":true,"_links":{"self":[{"href":"https:\/\/courscircuits.fr\/index.php\/wp-json\/wp\/v2\/product\/2880","targetHints":{"allow":["GET"]}}],"collection":[{"href":"https:\/\/courscircuits.fr\/index.php\/wp-json\/wp\/v2\/product"}],"about":[{"href":"https:\/\/courscircuits.fr\/index.php\/wp-json\/wp\/v2\/types\/product"}],"wp:featuredmedia":[{"embeddable":true,"href":"https:\/\/courscircuits.fr\/index.php\/wp-json\/wp\/v2\/media\/2908"}],"wp:attachment":[{"href":"https:\/\/courscircuits.fr\/index.php\/wp-json\/wp\/v2\/media?parent=2880"}],"wp:term":[{"taxonomy":"product_brand","embeddable":true,"href":"https:\/\/courscircuits.fr\/index.php\/wp-json\/wp\/v2\/product_brand?post=2880"},{"taxonomy":"product_cat","embeddable":true,"href":"https:\/\/courscircuits.fr\/index.php\/wp-json\/wp\/v2\/product_cat?post=2880"},{"taxonomy":"product_tag","embeddable":true,"href":"https:\/\/courscircuits.fr\/index.php\/wp-json\/wp\/v2\/product_tag?post=2880"}],"curies":[{"name":"wp","href":"https:\/\/api.w.org\/{rel}","templated":true}]}}