{"id":2322,"date":"2022-11-29T18:50:54","date_gmt":"2022-11-29T17:50:54","guid":{"rendered":"https:\/\/courscircuits.fr\/index.php\/produit\/assortiment-de-cookies-250g-environ-16-biscuits\/"},"modified":"2026-03-20T22:04:30","modified_gmt":"2026-03-20T21:04:30","slug":"assortiment-de-cookies-250g-environ-16-biscuits","status":"publish","type":"product","link":"https:\/\/courscircuits.fr\/index.php\/produit\/assortiment-de-cookies-250g-environ-16-biscuits\/","title":{"rendered":"Assortiment de cookies 500g (environ 30 biscuits)"},"content":{"rendered":"<p>La liste des ingr\u00e9dients de base : \u0153ufs de la ferme des filles ou de lacampagne \u00e0 aillas, farine du domaine de glayroux, beurre, sucre blanc de cours circuit.<\/p>\n","protected":false},"excerpt":{"rendered":"<p><img loading=\"lazy\" decoding=\"async\" class=\"alignnone size-medium wp-image-2460\" src=\"https:\/\/courscircuits.fr\/wp-content\/uploads\/2022\/12\/cpasdugateauchoix4bis-300x225.jpg\" alt=\"\" width=\"300\" height=\"225\" srcset=\"https:\/\/courscircuits.fr\/wp-content\/uploads\/2022\/12\/cpasdugateauchoix4bis-300x225.jpg 300w, https:\/\/courscircuits.fr\/wp-content\/uploads\/2022\/12\/cpasdugateauchoix4bis-1024x768.jpg 1024w, https:\/\/courscircuits.fr\/wp-content\/uploads\/2022\/12\/cpasdugateauchoix4bis-768x576.jpg 768w, https:\/\/courscircuits.fr\/wp-content\/uploads\/2022\/12\/cpasdugateauchoix4bis-1536x1152.jpg 1536w, https:\/\/courscircuits.fr\/wp-content\/uploads\/2022\/12\/cpasdugateauchoix4bis-2048x1536.jpg 2048w, https:\/\/courscircuits.fr\/wp-content\/uploads\/2022\/12\/cpasdugateauchoix4bis-530x398.jpg 530w\" sizes=\"auto, (max-width: 300px) 100vw, 300px\" \/><\/p>\n","protected":false},"featured_media":2460,"template":"","meta":[],"product_brand":[],"product_cat":[125],"product_tag":[65],"class_list":{"0":"post-2322","1":"product","2":"type-product","3":"status-publish","4":"has-post-thumbnail","6":"product_cat-cest-pas-du-gateau","7":"product_tag-dessert","9":"first","10":"instock","11":"shipping-taxable","12":"product-type-simple"},"jetpack_sharing_enabled":true,"_links":{"self":[{"href":"https:\/\/courscircuits.fr\/index.php\/wp-json\/wp\/v2\/product\/2322","targetHints":{"allow":["GET"]}}],"collection":[{"href":"https:\/\/courscircuits.fr\/index.php\/wp-json\/wp\/v2\/product"}],"about":[{"href":"https:\/\/courscircuits.fr\/index.php\/wp-json\/wp\/v2\/types\/product"}],"wp:featuredmedia":[{"embeddable":true,"href":"https:\/\/courscircuits.fr\/index.php\/wp-json\/wp\/v2\/media\/2460"}],"wp:attachment":[{"href":"https:\/\/courscircuits.fr\/index.php\/wp-json\/wp\/v2\/media?parent=2322"}],"wp:term":[{"taxonomy":"product_brand","embeddable":true,"href":"https:\/\/courscircuits.fr\/index.php\/wp-json\/wp\/v2\/product_brand?post=2322"},{"taxonomy":"product_cat","embeddable":true,"href":"https:\/\/courscircuits.fr\/index.php\/wp-json\/wp\/v2\/product_cat?post=2322"},{"taxonomy":"product_tag","embeddable":true,"href":"https:\/\/courscircuits.fr\/index.php\/wp-json\/wp\/v2\/product_tag?post=2322"}],"curies":[{"name":"wp","href":"https:\/\/api.w.org\/{rel}","templated":true}]}}