{"id":13,"date":"2022-01-09T16:21:47","date_gmt":"2022-01-09T15:21:47","guid":{"rendered":"https:\/\/courscircuits.fr\/index.php\/page-daccueil\/"},"modified":"2025-05-11T09:31:53","modified_gmt":"2025-05-11T07:31:53","slug":"page-daccueil","status":"publish","type":"page","link":"https:\/\/courscircuits.fr\/","title":{"rendered":"Bienvenue&#8230;"},"content":{"rendered":"\n<h2 class=\"wp-block-heading has-text-align-center\"><\/h2>\n\n\n\n<p class=\"has-text-align-center\">&#8230;dans la boutique en ligne de l&rsquo;association cours-circuits<\/p>\n\n\n\n<div class=\"wp-block-cover is-light\"><img loading=\"lazy\" decoding=\"async\" width=\"959\" height=\"720\" class=\"wp-block-cover__image-background wp-image-95\" alt=\"\" src=\"https:\/\/courscircuits.fr\/wp-content\/uploads\/2022\/01\/image-asso-courscircuits-panier.jpg\" data-object-fit=\"cover\" srcset=\"https:\/\/courscircuits.fr\/wp-content\/uploads\/2022\/01\/image-asso-courscircuits-panier.jpg 959w, https:\/\/courscircuits.fr\/wp-content\/uploads\/2022\/01\/image-asso-courscircuits-panier-300x225.jpg 300w, https:\/\/courscircuits.fr\/wp-content\/uploads\/2022\/01\/image-asso-courscircuits-panier-768x577.jpg 768w, https:\/\/courscircuits.fr\/wp-content\/uploads\/2022\/01\/image-asso-courscircuits-panier-530x398.jpg 530w\" sizes=\"auto, (max-width: 959px) 100vw, 959px\" \/><span aria-hidden=\"true\" class=\"wp-block-cover__background has-background-dim-0 has-background-dim\"><\/span><div class=\"wp-block-cover__inner-container is-layout-flow wp-block-cover-is-layout-flow\">\n<div class=\"wp-block-button aligncenter\"><a class=\"wp-block-button__link wp-element-button\" href=\"https:\/\/courscircuits.fr\/index.php\/boutique\/\">Faire des achats<\/a><\/div>\n<\/div><\/div>\n\n\n\n<p class=\"has-text-align-center\">Ce site est exclusivement r\u00e9serv\u00e9 aux adh\u00e9rents de l&rsquo;association cours-circuits. Les commandes sont \u00e0 venir r\u00e9cup\u00e9rer lors des distributions mensuelles de l&rsquo;association qui ont lieu dans notre local derri\u00e8re la mairie.<\/p>\n\n\n\n<p>Si vous d\u00e9sirez adh\u00e9rer, vous pouvez nous contacter via le mail de l&rsquo;association. <\/p>\n\n\n\n<p><\/p>\n","protected":false},"excerpt":{"rendered":"<p>&#8230;dans la boutique en ligne de l&rsquo;association cours-circuits Ce site est exclusivement r\u00e9serv\u00e9 aux adh\u00e9rents de l&rsquo;association cours-circuits. Les commandes sont \u00e0 venir r\u00e9cup\u00e9rer lors des distributions mensuelles de l&rsquo;association qui ont lieu dans notre local derri\u00e8re la mairie. Si vous d\u00e9sirez adh\u00e9rer, vous pouvez nous contacter via le mail de l&rsquo;association.<\/p>\n","protected":false},"author":1,"featured_media":0,"parent":0,"menu_order":0,"comment_status":"closed","ping_status":"closed","template":"","meta":{"footnotes":""},"class_list":["post-13","page","type-page","status-publish","hentry"],"jetpack_sharing_enabled":true,"_links":{"self":[{"href":"https:\/\/courscircuits.fr\/index.php\/wp-json\/wp\/v2\/pages\/13","targetHints":{"allow":["GET"]}}],"collection":[{"href":"https:\/\/courscircuits.fr\/index.php\/wp-json\/wp\/v2\/pages"}],"about":[{"href":"https:\/\/courscircuits.fr\/index.php\/wp-json\/wp\/v2\/types\/page"}],"author":[{"embeddable":true,"href":"https:\/\/courscircuits.fr\/index.php\/wp-json\/wp\/v2\/users\/1"}],"replies":[{"embeddable":true,"href":"https:\/\/courscircuits.fr\/index.php\/wp-json\/wp\/v2\/comments?post=13"}],"version-history":[{"count":9,"href":"https:\/\/courscircuits.fr\/index.php\/wp-json\/wp\/v2\/pages\/13\/revisions"}],"predecessor-version":[{"id":4341,"href":"https:\/\/courscircuits.fr\/index.php\/wp-json\/wp\/v2\/pages\/13\/revisions\/4341"}],"wp:attachment":[{"href":"https:\/\/courscircuits.fr\/index.php\/wp-json\/wp\/v2\/media?parent=13"}],"curies":[{"name":"wp","href":"https:\/\/api.w.org\/{rel}","templated":true}]}}